{"id":14,"date":"2021-02-10T17:22:53","date_gmt":"2021-02-10T16:22:53","guid":{"rendered":"http:\/\/secretx.cluster030.hosting.ovh.net\/?page_id=14"},"modified":"2021-02-13T17:18:41","modified_gmt":"2021-02-13T16:18:41","slug":"contact","status":"publish","type":"page","link":"https:\/\/secret-ca.com\/index.php\/contact\/","title":{"rendered":"Contact"},"content":{"rendered":"\n<p><span class=\"has-inline-color has-black-color\">Pour nous contacter, c&#8217;est simple, 3 solutions :<\/span><\/p>\n\n\n\n<h2><span style=\"color:#d0103a\" class=\"has-inline-color\">1. Formulaire de contact<\/span><\/h2>\n\n\n<div class=\"wpforms-container wpforms-container-full\" id=\"wpforms-186\"><form id=\"wpforms-form-186\" class=\"wpforms-validate wpforms-form\" data-formid=\"186\" method=\"post\" enctype=\"multipart\/form-data\" action=\"\/index.php\/wp-json\/wp\/v2\/pages\/14\" data-token=\"dc32d49b4832d3606b4b9759fc833e40\"><noscript class=\"wpforms-error-noscript\">Veuillez activer JavaScript dans votre navigateur pour remplir ce formulaire.<\/noscript><div class=\"wpforms-field-container\"><div id=\"wpforms-186-field_2-container\" class=\"wpforms-field wpforms-field-textarea\" data-field-id=\"2\"><label class=\"wpforms-field-label\" for=\"wpforms-186-field_2\">Votre message <span class=\"wpforms-required-label\">*<\/span><\/label><textarea id=\"wpforms-186-field_2\" class=\"wpforms-field-medium wpforms-field-required\" name=\"wpforms[fields][2]\" required><\/textarea><\/div><div id=\"wpforms-186-field_0-container\" class=\"wpforms-field wpforms-field-name\" data-field-id=\"0\"><div class=\"wpforms-field-row wpforms-field-medium\"><div class=\"wpforms-field-row-block wpforms-first wpforms-one-half\"><input type=\"text\" id=\"wpforms-186-field_0\" class=\"wpforms-field-name-first wpforms-field-required\" name=\"wpforms[fields][0][first]\" required><label for=\"wpforms-186-field_0\" class=\"wpforms-field-sublabel after \">Pr\u00e9nom<\/label><\/div><div class=\"wpforms-field-row-block wpforms-one-half\"><input type=\"text\" id=\"wpforms-186-field_0-last\" class=\"wpforms-field-name-last wpforms-field-required\" name=\"wpforms[fields][0][last]\" required><label for=\"wpforms-186-field_0-last\" class=\"wpforms-field-sublabel after \">Nom<\/label><\/div><\/div><\/div><div id=\"wpforms-186-field_1-container\" class=\"wpforms-field wpforms-field-email\" data-field-id=\"1\"><label class=\"wpforms-field-label\" for=\"wpforms-186-field_1\">E-mail <span class=\"wpforms-required-label\">*<\/span><\/label><input type=\"email\" id=\"wpforms-186-field_1\" class=\"wpforms-field-medium wpforms-field-required\" name=\"wpforms[fields][1]\" required><\/div><\/div><div class=\"wpforms-submit-container\" ><input type=\"hidden\" name=\"wpforms[id]\" value=\"186\"><input type=\"hidden\" name=\"wpforms[author]\" value=\"1\"><button type=\"submit\" name=\"wpforms[submit]\" class=\"wpforms-submit \" id=\"wpforms-submit-186\" value=\"wpforms-submit\" aria-live=\"assertive\" >Envoyer<\/button><\/div><\/form><\/div>  <!-- .wpforms-container -->\n\n\n<h2><span style=\"color:#d0103a\" class=\"has-inline-color\">2. T\u00e9l\u00e9phone<\/span><\/h2>\n\n\n\n<p><strong>06 84 82 45 67<\/strong><\/p>\n\n\n\n<h2><span style=\"color:#d0103a\" class=\"has-inline-color\">3. Mail<\/span><\/h2>\n\n\n\n<p><a href=\"mailto:corinne.aubailly@secret-ca.com\"><strong>corinne.aubailly@secret-ca.com<\/strong><\/a><\/p>\n\n\n\n<p>Quelque soit la m\u00e9thode, nous vous r\u00e9pondrons tr\u00e8s rapidement.<br><\/p>\n","protected":false},"excerpt":{"rendered":"<p>Pour nous contacter, c&#8217;est simple, 3 solutions : 1. Formulaire de contact 2. T\u00e9l\u00e9phone 06 84 82 45 67 3. Mail corinne.aubailly@secret-ca.com Quelque soit la m\u00e9thode, nous vous r\u00e9pondrons tr\u00e8s rapidement.<\/p>\n","protected":false},"author":1,"featured_media":0,"parent":0,"menu_order":0,"comment_status":"closed","ping_status":"closed","template":"","meta":[],"_links":{"self":[{"href":"https:\/\/secret-ca.com\/index.php\/wp-json\/wp\/v2\/pages\/14"}],"collection":[{"href":"https:\/\/secret-ca.com\/index.php\/wp-json\/wp\/v2\/pages"}],"about":[{"href":"https:\/\/secret-ca.com\/index.php\/wp-json\/wp\/v2\/types\/page"}],"author":[{"embeddable":true,"href":"https:\/\/secret-ca.com\/index.php\/wp-json\/wp\/v2\/users\/1"}],"replies":[{"embeddable":true,"href":"https:\/\/secret-ca.com\/index.php\/wp-json\/wp\/v2\/comments?post=14"}],"version-history":[{"count":15,"href":"https:\/\/secret-ca.com\/index.php\/wp-json\/wp\/v2\/pages\/14\/revisions"}],"predecessor-version":[{"id":291,"href":"https:\/\/secret-ca.com\/index.php\/wp-json\/wp\/v2\/pages\/14\/revisions\/291"}],"wp:attachment":[{"href":"https:\/\/secret-ca.com\/index.php\/wp-json\/wp\/v2\/media?parent=14"}],"curies":[{"name":"wp","href":"https:\/\/api.w.org\/{rel}","templated":true}]}}